152561940.
60
What is the greatest common factor of 18277482 and 136?
34
What is the highest common factor of 53911060 and 350?
70
Calculate the greatest common divisor of 2499 and 78234.
51
What is the highest common factor of 3270 and 768930?
30
Calculate the greatest common factor of 514065727 and 427.
427
What is the greatest common divisor of 16065 and 78876855?
2295
What is the highest common divisor of 21752826 and 238?
34
What is the greatest common divisor of 5959526 and 73447?
607
What is the greatest common factor of 1604213153 and 1321?
1321
What is the greatest common divisor of 511021 and 50519?
49
What is the greatest common divisor of 535 and 14133095?
535
What is the greatest common factor of 2020573 and 975683?
1357
Calculate the highest common divisor of 374556 and 2144779.
4459
What is the greatest common factor of 589 and 18569992?
589
What is the greatest common divisor of 5632 and 13222?
22
Calculate the greatest common factor of 4125 and 21070445.
55
What is the greatest common divisor of 37863 and 37798092?
5409
Calculate the highest common factor of 34282236 and 69.
69
What is the highest common divisor of 11831003 and 917?
131
Calculate the highest common factor of 80666 and 14522.
106
Calculate the highest common factor of 11934 and 18968430.
1326
Calculate the highest common factor of 1462476 and 141240.
1284
Calculate the highest common divisor of 4845134 and 12341.
287
What is the greatest common divisor of 6141 and 85394877?
267
Calculate the greatest common divisor of 675 and 30987225.
675
What is the highest common factor of 11936 and 2913130?
746
Calculate the greatest common divisor of 1072998 and 999.
9
Calculate the highest common divisor of 23242757 and 174667.
6023
What is the greatest common factor of 502333841 and 53?
53
Calculate the highest common divisor of 677005 and 184.
23
What is the highest common factor of 580 and 16464692?
116
What is the highest common factor of 2015 and 1302155?
155
What is the highest common divisor of 26359 and 200251?
43
Calculate the greatest common factor of 136686 and 66044.
418
Calculate the highest common factor of 2974 and 9446911.
1487
Calculate the greatest common factor of 2553 and 660339.
111
Calculate the highest common divisor of 34 and 6119065.
17
What is the highest common divisor of 516954 and 493?
29
What is the highest common factor of 69642 and 305395646?
7738
What is the highest common divisor of 921548289 and 14646?
7323
What is the greatest common divisor of 482163 and 21109?
209
What is the greatest common factor of 11387 and 417838?
59
What is the highest common factor of 1344 and 27782592?
192
Calculate the greatest common factor of 4153621 and 75086.
3413
Calculate the highest common factor of 484007 and 18045.
401
What is the highest common divisor of 987231 and 2025021?
2661
What is the greatest common divisor of 848114 and 29054?
146
What is the highest common divisor of 4237142 and 2015?
403
Calculate the highest common factor of 375 and 9471630.
15
What is the greatest common divisor of 250446 and 133665?
1407
Calculate the greatest common divisor of 13205516 and 204.
4
Calculate the greatest common factor of 56296 and 3875.
31
What is the highest common factor of 168938 and 46680641?
7679
Calculate the highest common factor of 863476 and 230444.
212
What is the greatest common divisor of 637025499 and 33?
33
What is the highest common factor of 3272 and 215560996?
1636
Calculate the greatest common factor of 242313 and 30621.
177
Calculate the greatest common factor of 4074900564 and 147.
147
What is the highest common divisor of 1664 and 114322?
26
What is the greatest common divisor of 3 and 69617829?
3
Calculate the highest common divisor of 40 and 170501420.
20
Calculate the highest common divisor of 2912 and 204178.
26
What is the highest common factor of 236350 and 6999730?
290
What is the highest common factor of 34597134 and 2860?
286
Calculate the greatest common factor of 137317 and 2723.
389
Calculate the highest common divisor of 2387 and 82313.
77
What is the highest common factor of 3188 and 3924431188?
3188
What is the highest common divisor of 492 and 900770?
82
Calculate the highest common divisor of 233892 and 186366.
534
What is the highest common divisor of 3201468 and 1839508?
1724
Calculate the highest common divisor of 56547 and 309618.
927
Calculate the highest common factor of 14 and 914840.
2
What is the greatest common divisor of 256022378 and 1907?
1907
Calculate the highest common factor of 1465 and 826553.
293
What is the greatest common factor of 4 and 4258808?
4
Calculate the greatest common factor of 162 and 9156942.
54
What is the greatest common divisor of 499000 and 76000?
1000
Calculate the highest common factor of 189343 and 6160.
77
What is the highest common factor of 25851186 and 612?
306
Calculate the highest common divisor of 11086905 and 3655.
215
What is the highest common factor of 820377 and 3483?
9
Calculate the greatest common divisor of 1928228 and 20.
4
What is the highest common divisor of 105 and 937995?
15
What is the greatest common factor of 4165 and 1635910?
85
Calculate the greatest common factor of 418448 and 5904.
16
What is the greatest common factor of 124 and 96934892?
124
What is the greatest common factor of 794580 and 11400?
1140
Calculate the highest common factor of 6647 and 231812.
17
Calculate the highest common factor of 54908182 and 126.
14
Calculate the greatest common factor of 600 and 158177784.
24
Calculate the highest common factor of 13999505 and 2590.
185
Calculate the highest common divisor of 107954 and 503734.
154
What is the greatest common factor of 141973820 and 60?
20
Calculate the greatest common factor of 163011 and 1736351.
811
What is the greatest common factor of 51 and 2269347?
51
What is the greatest common divisor of 6525 and 97121?
29
What is the greatest common divisor of 57 and 8733749?
19
What is the greatest common divisor of 53753 and 7399?
49
What is the highest common factor of 368 and 212083?
23
Calculate the greatest common factor of 58086105 and 33.
33
Calculate the highest common factor of 11782251 and 624.
39
Calculate the highest common divisor of 18892 and 2536.
4
Calculate the highest common factor of 789912 and 3286.
106
What is the highest common divisor of 292184 and 224?
8
What is the greatest common factor of 12200 and 34919800?
200
What is the greatest common factor of 14053067 and 119?
119
Calculate the highest common divisor of 1255 and 2634245.
1255
What is the greatest common factor of 1518 and 87439?
11
What is the greatest common factor of 1368 and 1087656?
24
Calculate the highest common divisor of 320 and 35944960.
320
Calculate the highest common divisor of 9632340 and 4720.
1180
What is the highest common divisor of 1585344 and 2898?
138
What is the highest common divisor of 100738454 and 5014?
218
What is the highest common factor of 180 and 8919345?
15
What is the greatest common divisor of 70286 and 29606?
226
What is the greatest common divisor of 3740 and 267665?
85
Calculate the greatest common factor of 2728816 and 5392.
16
What is the greatest common divisor of 2395424325 and 210?
105
What is the highest common divisor of 1020 and 34324680?
60
What is the greatest common factor of 4034760 and 45?
15
Calculate the greatest common factor of 927417 and 55581.
291
What is the highest common factor of 76 and 652973?
19
Calculate the highest common factor of 44585416 and 3804.
1268
What is the greatest common divisor of 10764 and 193054134?
1794
What is the highest common factor of 814503183 and 39?
39
Calculate the greatest common divisor of 1728 and 12258864.
432
What is the greatest common factor of 61326916 and 308?
28
What is the greatest common factor of 111813 and 2392?
13
What is the highest common factor of 24 and 3317396520?
24
Calculate the highest common divisor of 289 and 28050051.
289
What is the highest common factor of 24860 and 390980?
2260
What is the highest common factor of 4465943 and 18853?
1109
What is the greatest common factor of 200 and 2628720?
40
Calculate the highest common divisor of 14643640 and 9108.
1012
What is the highest common factor of 46586 and 1974?
2
Calculate the highe